ime factors of 129598.
2, 7, 9257
What are the prime factors of 4100?
2, 5, 41
List the prime factors of 163062.
2, 3, 9059
What are the prime factors of 44476?
2, 11119
What are the prime factors of 52182?
2, 3, 13, 223
What are the prime factors of 6470?
2, 5, 647
List the prime factors of 172.
2, 43
List the prime factors of 1744.
2, 109
What are the prime factors of 36997?
36997
List the prime factors of 34104.
2, 3, 7, 29
List the prime factors of 6863.
6863
What are the prime factors of 109488?
2, 3, 2281
List the prime factors of 452.
2, 113
What are the prime factors of 16793?
7, 2399
What are the prime factors of 76180?
2, 5, 13, 293
What are the prime factors of 2082?
2, 3, 347
List the prime factors of 561.
3, 11, 17
What are the prime factors of 144348?
2, 3, 23, 523
What are the prime factors of 5020?
2, 5, 251
List the prime factors of 868.
2, 7, 31
List the prime factors of 622.
2, 311
List the prime factors of 6768.
2, 3, 47
What are the prime factors of 1303?
1303
What are the prime factors of 28269?
3, 349
List the prime factors of 75462.
2, 3, 12577
What are the prime factors of 4677?
3, 1559
What are the prime factors of 22045?
5, 4409
List the prime factors of 164151.
3, 13, 23, 61
List the prime factors of 144702.
2, 3, 8039
What are the prime factors of 21709?
17, 1277
List the prime factors of 17704.
2, 2213
List the prime factors of 45540.
2, 3, 5, 11, 23
List the prime factors of 927.
3, 103
What are the prime factors of 20156?
2, 5039
List the prime factors of 823.
823
What are the prime factors of 3685?
5, 11, 67
What are the prime factors of 3140?
2, 5, 157
List the prime factors of 20247.
3, 17, 397
List the prime factors of 38526.
2, 3, 6421
List the prime factors of 131106.
2, 3, 21851
What are the prime factors of 111649?
311, 359
List the prime factors of 22489.
43, 523
List the prime factors of 172857.
3, 157, 367
What are the prime factors of 17311?
7, 2473
List the prime factors of 636.
2, 3, 53
List the prime factors of 8563.
8563
List the prime factors of 1515.
3, 5, 101
List the prime factors of 47407.
47407
List the prime factors of 8285.
5, 1657
What are the prime factors of 117626?
2, 103, 571
List the prime factors of 12940.
2, 5, 647
What are the prime factors of 3709?
3709
List the prime factors of 789.
3, 263
What are the prime factors of 49?
7
List the prime factors of 26828.
2, 19, 353
What are the prime factors of 5754?
2, 3, 7, 137
List the prime factors of 11322.
2, 3, 17, 37
What are the prime factors of 29430?
2, 3, 5, 109
What are the prime factors of 1838?
2, 919
List the prime factors of 2309.
2309
List the prime factors of 27482.
2, 7, 13, 151
List the prime factors of 4878.
2, 3, 271
What are the prime factors of 4351?
19, 229
What are the prime factors of 7997?
11, 727
What are the prime factors of 1867?
1867
What are the prime factors of 3105?
3, 5, 23
List the prime factors of 101676.
2, 3, 37, 229
What are the prime factors of 446?
2, 223
List the prime factors of 314.
2, 157
What are the prime factors of 42595?
5, 7, 1217
What are the prime factors of 17708?
2, 19, 233
List the prime factors of 31410.
2, 3, 5, 349
List the prime factors of 39152.
2, 2447
List the prime factors of 155032.
2, 19379
What are the prime factors of 2816?
2, 11
List the prime factors of 22169.
7, 3167
List the prime factors of 1865.
5, 373
List the prime factors of 89065.
5, 47, 379
List the prime factors of 1938.
2, 3, 17, 19
List the prime factors of 63318.
2, 3, 61, 173
List the prime factors of 479.
479
List the prime factors of 8781.
3, 2927
List the prime factors of 2617.
2617
What are the prime factors of 7362?
2, 3, 409
List the prime factors of 36155.
5, 7, 1033
What are the prime factors of 3330?
2, 3, 5, 37
What are the prime factors of 932?
2, 233
List the prime factors of 1465.
5, 293
What are the prime factors of 10157?
7, 1451
What are the prime factors of 15324?
2, 3, 1277
What are the prime factors of 2346?
2, 3, 17, 23
List the prime factors of 56709.
3, 6301
List the prime factors of 1325.
5, 53
What are the prime factors of 140?
2, 5, 7
What are the prime factors of 2202?
2, 3, 367
What are the prime factors of 5427?
3, 67
List the prime factors of 6398.
2, 7, 457
List the prime factors of 4451.
4451
List the prime factors of 16306.
2, 31, 263
List the prime factors of 1161.
3, 43
List the prime factors of 26407.
26407
List the prime factors of 66634.
2, 33317
List the prime factors of 157.
157
What are the prime factors of 17883?
3, 1987
List the prime factors of 63668.
2, 11, 1447
List the prime factors of 5247.
3, 11, 53
List the prime factors of 98457.
3, 37, 887
What are the prime factors of 6844?
2, 29, 59
What are the prime factors of 1006?
2, 503
List the prime factors of 9192.
2, 3, 383
What are the prime factors of 731?
17, 43
What are the prime factors of 782?
2, 17, 23
List the prime factors of 16491.
3, 23, 239
List the prime factors of 413.
7, 59
What are the prime factors of 8735?
5, 1747
What are the prime factors of 434?
2, 7, 31
What are the prime factors of 31933?
11, 2903
What are the prime factors of 1064?
2, 7, 19
What are the prime factors of 47?
47
What are the prime factors of 1410?
2, 3, 5, 47
List the prime factors of 16714.
2, 61, 137
List the prime factors of 1544.
2, 193
What are the prime factors of 9915?
3, 5, 661
What are the prime factors of 82375?
5, 659
List the prime factors of 23129.
101, 229
List the prime factors of 25793.
25793
What are the prime factors of 2750?
2, 5, 11
List the prime factors of 38453.
38453
List the prime factors of 6572.
2, 31, 53
List the prime factors of 20764.
2, 29, 179
What are the prime factors of 1346?
2, 673
List the prime factors of 4660.
2, 5, 233
List the prime factors of 28143.
3, 53, 59
What are the prime factors of 692?
2, 173
List the prime factors of 7457.
7457
What are the prime factors of 3126?
2, 3, 521
What are the prime factors of 78853?
78853
List the prime factors of 73.
73
What are the prime factors of 15252?
2, 3, 31, 41
What are the prime factors of 104148?
2, 3, 11, 263
What are the prime factors of 664?
2, 83
What are the prime factors of 23589?
3, 2621
What are the prime factors of 196?
2, 7
List the prime factors of 154295.
5, 30859
What are the prime factors of 69750?
2, 3, 5, 31
What are the prime factors of 73549?
7, 19, 79
What are the prime factors of 148397?
31, 4787
List the prime factors of 36547.
7, 23, 227
What are the prime factors of 8029?
7, 31, 37
What are the prime factors of 11407?
11, 17, 61
What are the prime factors of 11574?
2, 3, 643
What are the prime factors of 6465?
3, 5, 431
List the prime factors of 20436.
2, 3, 13, 131
List the prime factors of 36565.
5, 71, 103
What are the prime factors of 867?
3, 17
What are the prime factors of 511?
7, 73
What are the prime factors of 15417?
3, 571
List the prime factors of 61561.
61561
What are the prime factors of 2790?
2, 3, 5, 31
List the prime factors of 1256.
2, 157
List the prime factors of 1238.
2, 619
What are the prime factors of 19973?
19973
What are the prime factors of 19381?
19381
What are the prime factors of 975?
3, 5, 13
What are the prime factors of 10173?
3, 3391
What are the prime factors of 70711?
31, 2281
List the prime factors of 5583.
3, 1861
List the prime factors of 1400.
2, 5, 7
What are the prime factors of 1254?
2, 3, 11, 19
What are the prime factors of 3459?
3, 1153
List the prime factors of 10324.
2, 29, 89
What are the prime factors of 1511?
1511
List the prime factors of 734.
2, 367
What are the prime factors of 91245?
3, 5, 7, 11, 79
What are the prime factors of 2061?
3, 229
List the prime factors of 26895.
3, 5, 11, 163
List the prime factors of 5845.
5, 7, 167
List the prime factors of 6353.
6353
List the prime factors of 6629.
7, 947
What are the prime factors of 1270?
2, 5, 127
What are the prime factors of 2923?
37, 79
What are the prime factors of 1467?
3, 163
What are the prime factors of 1172?
2, 293
What are the prime factors of 7294?
2, 7, 521
What are the prime factors of 133627?
13, 19, 541
What are the prime factors of 19658?
2, 9829
List the prime factors of 28004.
2, 7001
List the prime factors of 1202.
2, 601
List the prime factors of 419.
419
What are the prime factors of 5